67 a composite number?
False
Is 45603877303 a composite number?
False
Is 14033448019 prime?
True
Is 82577411669 composite?
True
Is 33887626601 prime?
False
Is 187826909 composite?
False
Is 25274433259 prime?
False
Is 380222177 composite?
True
Is 1677837353 a prime number?
False
Is 34693782187 prime?
True
Is 145895303 a prime number?
False
Is 4996042639 composite?
True
Is 568507603 a composite number?
False
Is 914553173 a prime number?
True
Is 1893994151 prime?
False
Is 19045141019 a prime number?
True
Is 143490075593 prime?
True
Is 19686044003 a prime number?
True
Is 3162220877 a prime number?
True
Is 1282382537 a prime number?
False
Is 2048094079 a composite number?
False
Is 3251746219 prime?
True
Is 4238308091 prime?
True
Is 1016840413 prime?
True
Is 13829259139 a composite number?
True
Is 2069167571 prime?
False
Is 3628867429 a composite number?
True
Is 304247227 composite?
True
Is 3240290793 a prime number?
False
Is 3011089499 a composite number?
True
Is 5614902649 a composite number?
False
Is 417795011 prime?
True
Is 5643168763 a composite number?
False
Is 27936913 composite?
True
Is 34257135117 composite?
True
Is 18991201247 composite?
False
Is 99052512929 composite?
False
Is 57608435527 prime?
True
Is 296560655 composite?
True
Is 4296281051 a prime number?
False
Is 3190391663 composite?
True
Is 11565792439 prime?
True
Is 58714834979 a prime number?
True
Is 61788403279 prime?
False
Is 17585235533 a prime number?
False
Is 171978270743 prime?
False
Is 20559653449 a composite number?
False
Is 933668843 a prime number?
True
Is 10079755667 a prime number?
True
Is 41268331 prime?
False
Is 806779751 prime?
True
Is 15913333559 a prime number?
False
Is 313157869 prime?
False
Is 3029898719 a prime number?
False
Is 1897346963 a composite number?
True
Is 1928559643 a prime number?
False
Is 127456243913 a prime number?
False
Is 5758346833 a prime number?
True
Is 57259279747 composite?
False
Is 2072363893 a composite number?
False
Is 4253589761 prime?
False
Is 1416311627 a prime number?
True
Is 566996321 prime?
True
Is 621394181 a composite number?
False
Is 30293335 composite?
True
Is 210557929 a prime number?
False
Is 38470485821 composite?
False
Is 68824610597 prime?
True
Is 186831643 a prime number?
False
Is 4393015351 a composite number?
False
Is 111026560433 a prime number?
True
Is 19900811407 a composite number?
False
Is 48886859449 a prime number?
True
Is 177018161 a composite number?
True
Is 202282589 prime?
False
Is 1777326533 composite?
False
Is 587025781 composite?
False
Is 260680127 a composite number?
False
Is 5787367517 a prime number?
False
Is 91938692099 a composite number?
False
Is 6517674817 prime?
True
Is 185164119979 a composite number?
True
Is 2756544463 composite?
False
Is 4456076011 prime?
False
Is 24645917497 a prime number?
True
Is 1141476071 composite?
False
Is 957185707 a composite number?
False
Is 1538774027 composite?
True
Is 4111424287 prime?
True
Is 173981279 prime?
True
Is 5957748605 prime?
False
Is 3146419271 composite?
False
Is 1608706943 prime?
True
Is 50439689491 a prime number?
False
Is 3044246845 a prime number?
False
Is 6482873557 prime?
False
Is 45759734947 a composite number?
False
Is 749934869 composite?
False
Is 58060983587 prime?
True
Is 2871020489 composite?
False
Is 2911666283 composite?
False
Is 27873569 prime?
True
Is 962576051 a prime number?
True
Is 6929372789 composite?
True
Is 1841497127 a composite number?
False
Is 2416765057 prime?
False
Is 88865279717 prime?
True
Is 8458418653 a composite number?
False
Is 229899787 prime?
False
Is 819041039 a composite number?
True
Is 120841789 composite?
False
Is 63875481133 prime?
True
Is 2056560895 composite?
True
Is 13944821027 composite?
True
Is 852748711 composite?
False
Is 6270112309 a composite number?
True
Is 4240108871 a composite number?
True
Is 103420679 a composite number?
True
Is 53208567757 a prime number?
False
Is 3468306383 composite?
False
Is 35939276677 prime?
True
Is 227209472137 prime?
True
Is 1013832899 a prime number?
True
Is 9876234343 a composite number?
False
Is 582044821 a prime number?
True
Is 2738298269 a composite number?
True
Is 101653709 prime?
False
Is 50236430681 a prime number?
True
Is 2693843657 composite?
False
Is 115286984803 a prime number?
True
Is 8103582953 a prime number?
False
Is 319715129 a prime number?
False
Is 6330551677 composite?
False
Is 117081187 a prime number?
False
Is 28909623883 composite?
True
Is 267743102993 a prime number?
True
Is 61837964441 a composite number?
True
Is 7710077 a composite number?
True
Is 774091759645 a composite number?
True
Is 29862700295 composite?
True
Is 688384999 composite?
False
Is 669424051 a prime number?
False
Is 1169783299 a prime number?
False
Is 70614233 a prime number?
False
Is 98112997 a composite number?
False
Is 93099911419 a prime number?
False
Is 7691434243 a prime number?
True
Is 6597645371 a prime number?
True
Is 2952923357 prime?
True
Is 285176779 composite?
False
Is 2982323741 prime?
False
Is 34104731 prime?
True
Is 2724550061 composite?
False
Is 30208642669 composite?
False
Is 104784704161 a prime number?
True
Is 1009123301 a prime number?
False
Is 24911824733 composite?
False
Is 17895966191 a composite number?
True
Is 23094774509 composite?
True
Is 40960084243 a composite number?
True
Is 1642773967 a composite number?
True
Is 7320261359 a prime number?
False
Is 1446060829 prime?
True
Is 2084705627 composite?
False
Is 11398996637 prime?
False
Is 968141021 composite?
True
Is 140645579 a composite number?
False
Is 9747755194 a composite number?
True
Is 2176804129 a composite number?
False
Is 41062423 a prime number?
True
Is 885908941 a composite number?
True
Is 58506321751 prime?
True
Is 220601143 a prime number?
False
Is 271687179 prime?
False
Is 307084969 composite?
True
Is 69947167 prime?
True
Is 1502718969 a prime number?
False
Is 24077392054 composite?
True
Is 72210133 a prime number?
False
Is 19073354609 composite?
True
Is 278915347 composite?
False
Is 40349364637 composite?
True
Is 8242691269 prime?
True
Is 91865879 prime?
False
Is 2724888743 prime?
False
Is 618573199 prime?
True
Is 1758461743 composite?
False
Is 381775337 a composite number?
True
Is 14765193337 a composite number?
False
Is 2270503601 a prime number?
False
Is 610581107 a composite number?
False
Is 115689767 a prime number?
False
Is 41725109 a prime number?
True
Is 35105878751 prime?
False
Is 1467095881 composite?
True
Is 87751903 a composite number?
False
Is 67050419 composite?
False
Is 40313142665 prime?
False
Is 12199065133 composite?
True
Is 23781996145 prime?
False
Is 23971922509 prime?
False
Is 556468553 composite?
False
Is 635276437 a composite number?
False
Is 16261299491 a composite number?
False
Is 1503931522 a composite number?
True
Is 2291916257 composite?
True
Is 7241947339 composite?
True
Is 116078813 prime?
True
Is 943428727 composite?
False
Is 4383183443 composite?
True
Is 701374001 a composite number?
False
Is 36093293647 a prime number?
True
Is 51079820489 a prime number?
True
Is 1536823003 prime?
True
Is 25369880057 prime?
False
Is 10561653749 composite?
True
Is 2098583187 prime?
False
Is 5023291627 a prime number?
True
Is 17322876203 composite?
False
Is 47005793 composite?
True
Is 1930493869 a prime number?
True
Is 8155241729 composite?
True
Is 496614607 a composite number?
True
Is 86585941051 prime?
True
Is 943886491 a prime number?
False
Is 1818879359 a prime number?
False
Is 328073458 a composite number?
True
Is 23242785905 prime?
False
Is 8659723931 a prime number?
False
Is 53205553277 composite?
False
Is 534883847 composite?
True
Is 628137551 prime?
False
Is 30707000249 a prime number?
False
Is 2494825009 a composite number?
False
Is 121589571 composite?
True
Is 49392137 a prime number?
True
Is 5476877969 a prime number?
False
Is 1699173227 prime?
True
Is 106848876371 composite?
False
Is 13744664551 a composite number?
False
Is 1031762353 composite?
True
Is 2010573067 prime?
True
Is 2009419957 a composite number?
True
Is 27820523389 prime?
False
Is 129537301 composite?
False
Is 274645927 prime?
True
Is 17862027679 prime?
False
Is 5744346649 a composite number?
False
Is 9299335153 composite?
False
Is 1288886567 a prime number?
True
Is 214359529 a prime number?
True
Is